
-7
15 + (6 - 12) + -6
3
What is the value of (-2 - (3 + -2)) + 0 + 3?
0
Evaluate (1 - 1) + -1 - -5.
4
What is the value of -7 + (13 - (-7 - -15))?
-2
Evaluate -1 + -1 + -1 + 4 + -2.
-1
What is 9 + -14 - (-1 - -4)?
-8
(4 - 1) + (4 - 5)
2
(-1 - (4 - (-7 - -17))) + 0
5
What is 9 + (12 - (-5 + 30))?
-4
3 - 2 - 0 - (1 - -2)
-2
Evaluate 4 - 1 - (13 + -14 - -4).
0
Evaluate 5 - (16 + -8 - -6).
-9
Calculate -6 - -4 - (-3 - 0 - 2).
3
Evaluate (0 - 0) + -7 + (4 - 3).
-6
Evaluate -13 - -15 - (3 + -2).
1
What is the value of 0 + -1 + (9 - 5) + -2?
1
Evaluate 4 + (6 + -9 - (1 + -2)).
2
What is the value of 3 + -6 + (2 - 1) - -5?
3
Calculate -8 + 12 - (7 + -2).
-1
Calculate (6 - (-1 + 3)) + 1.
5
-10 + (-5 - 1) + (10 - -2)
-4
Calculate 20 + -9 - (17 + 0).
-6
What is the value of -6 + 3 + 6 - 0?
3
What is (2 - 2) + 9 + -8?
1
4 + (5 - (-4 + 16 + -1))
-2
Calculate (6 - 6) + 2 + -2 - 2.
-2
Evaluate -2 + (-2 - -2) - 1.
-3
5 - (2 + 13) - -9
-1
Calculate -2 + 0 - (2 + -4) - -4.
4
1 + -4 + 1 + -1
-3
Evaluate (2 - 3) + -3 - -2.
-2
13 - -1 - (-56 + 69)
1
What is the value of -4 + (6 - -1) - 4?
-1
What is the value of -3 + -4 + (2 - -5) - 7?
-7
What is the value of 1 + -1 + 0 - (26 + -23)?
-3
(-6 - -1) + -10 + 12
-3
Evaluate 0 + -3 + 7 + -2.
2
Calculate (-4 - -7) + (6 - 1).
8
Evaluate 0 + -2 + -2 + (-39 - -53).
10
(4 - 1) + -8 + 0
-5
Calculate 5 + -1 + (7 + -2 - 5).
4
Calculate -2 + (11 - 11) + 1 + 1.
0
Evaluate 0 - (8 + 9) - -10.
-7
Calculate -9 + 6 + -2 - (-16 + 5).
6
Evaluate 6 + 2 + 1 + (-4 - 0).
5
What is -9 + 0 - (-5 + -4)?
0
-11 - (0 + -7) - 5
-9
-1 + 2 + 8 - (-31 - -35)
5
What is the value of 1 - (3 + 2 - -4)?
-8
Evaluate (4 - -3) + (1 - 3) - 9.
-4
Calculate -7 + (-34 - -27 - (-1 - 5)).
-8
Calculate 2 - (-3 - -7 - 8).
6
What is 0 + 0 - 5 - -1 - 2?
-6
Calculate 5 - 1 - (-4 - (-1 + -2)).
5
Evaluate -8 - (-1 + -1 + (-3 - -2)).
-5
Calculate 2 + (-1 - (0 - 1)) + -3.
-1
Calculate (3 + 1 - 4) + -2 + 5.
3
Evaluate (0 - (11 + -6)) + 10.
5
Calculate -3 - (-5 + -4 + 0 + 2).
4
What is the value of 0 + 2 + 3 + -25 + 24?
4
What is 5 - 1 - 10 - (-12 - 1)?
7
What is the value of 1 - 1 - (-1 - -1 - -5)?
-5
Calculate 1 + (0 - -3) + -5 - -5.
4
Evaluate -3 - 0 - -3 - -1.
1
Evaluate (-7 - -8) + 1 + -1 + 0.
1
What is the value of (-3 - -1) + (9 - 10)?
-3
Evaluate -4 + -6 + 4 - -1.
-5
(2 - (7 - 9)) + 0
4
What is -62 + 68 + 1 + -1?
6
What is the value of (2 - 7) + -1 - -4 - -1?
-1
4 + (3 - 7 - -1) + -3
-2
What is the value of 6 + (-11 - 2) - -3?
-4
What is the value of 5 + -18 + 9 + (8 - 0)?
4
Calculate 2 - 4 - 4 - (-3 - 1).
-2
Evaluate 5 + 3 + (-2 - 3).
3
Calculate (1 - 8) + (22 - 19).
-4
What is 10 + -7 + -12 + 1?
-8
What is 16 - 12 - ((-3 - -2) + 8)?
-3
(2 - (-4 + (5 - -4))) + -1
-4
5 - (11 + (-5 - -4)) - -4
-1
What is (5 - -1) + (6 + -2 - 15)?
-5
What is -3 - 2 - (-5 + 5)?
-5
Calculate -6 + 4 - 5 - 0.
-7
Evaluate -12 + (3 - (0 - -1) - -5).
-5
What is the value of (3 - (-2 - 0)) + -4 - -4?
5
-3 - -3 - (10 + -3)
-7
-17 + (10 - 6 - (2 + -6))
-9
6 + (0 + -6 - (-17 + 20))
-3
Calculate -2 + 8 + -1 - 11.
-6
Calculate -11 + 20 + -4 + -10.
-5
-2 + (16 - 6) + -5
3
What is -11 + 8 - (-8 + -1)?
6
-1 + (5 - -5 - 5)
4
Evaluate 10 + -10 + (-5 - -1).
-4
(-3 - -4 - (-4 - -5)) + -3
-3
What is 2 + -9 + (4 - 2)?
-5
What is 3 + (-7 - (-3 + -1 + 0))?
0
Evaluate 7 + (5 - -1) + (-12 - -1).
2
Calculate 1 - (2 - 1 - 2).
2
What is the value of 10 + 4 - (3 + 6)?
5
What is -4 + (2 - 4 - -5 - -2)?
1
What is -3 - (-11 - (-5 - 1))?
2
What is 11 + (-27 - (-10 + -2))?
-4
(1 - 2) + (9 - 10) + -1
-3
5 + -4 + (1 - 1)
1
Evaluate 19 - 13 - (6 - 6).
6
Evaluate 6 + (7 - (8 + 9)).
-4
2 + (-3 - (1 - 1))
-1
What is the value of -5 + (12 - (0 + 2))?
5
Evaluate 2 + 0 + (-9 - 3 - -5).
-5
-6 - (16 - (23 + -11))
-10
What is the value of -8 + 4 + -8 - -15?
3
What is the value of -10 + -1 + 2 + -2?
-11
Calculate 54 + -45 + (-2 + 1 - 0).
8
Calculate 8 - 2 - (5 - (6 - 3)).
4
What is 15 - (1 + 1 - -3) - 4?
6
Calculate 5 - (-1 + 2) - (0 - -2).
2
Evaluate (0 - 1 - 0) + 8.
7
What is 1 + (3 - (9 + -2))?
-3
-1 + -8 + (1 - (-6 - -2))
-4
Evaluate (-4 - -1) + 2 + 2.
1
What is the value of (-40 - -46) + -4 + -3?
-1
What is the value of (-3 - -1) + -1 + 6 + -7?
-4
-4 - 1 - (-1 - 12)
8
Evaluate -1 - (0 - 1) - (2 + -6).
4
Calculate 9 - (0 - (-19 + 9)).
-1
Evaluate -1 - (5 - ((2 - -4) + -2)).
-2
-7 + 1 - (-10 - -9)
-5
Evaluate (5 - 6 - -6) + -3.
2
What is 5 + (6 - 7) + -3?
1
22 - 15 - 5 - (-1 + 6)
-3
What is (-6 - (-3 + -2)) + 3?
2
0 + -5 + 5 - (0 - 0)
0
What is the value of (6 - 4) + 1 + -2 - 3?
-2
Evaluate -5 + (0 - (-7 + -1)).
3
Calculate 6 + (-6 - -4 - 4 - 1).
-1
What is -2 + (4 - (13 + -1 + -6))?
-4
What is 6 + (0 - ((1 - 5) + 5))?
5
What is the value of -4 + 4 + 0 + -1?
-1
Calculate 3 + (-1 - -3 - (0 + 3)).
2
3 + (-2 - -9) + -16
-6
Evaluate (17 - 7) + -16 - -3.
-3
What is 0 + 2 + 0 - (-7 + 4)?
5
What is 3 - (-1 - (6 - 10))?
0
Evaluate (-3 - -7 - 3) + 3 + 1.
5
What is the value of 3 + -4 - 4 - -6?
1
Calculate -5 + (-5 - -23) + (4 - 11).
6
What is the value of (6 - 6 - -5) + -5?
0
What is 1 + 5 + 3 + -12 - -3?
0
Evaluate 0 + 0 + (8 - 8).
0
What is the value of -2 + 0 + -15 + (-10 - -26)?
-1
Evaluate 0 + (-4 + -2 - -4) + -2.
-4
What is the value of 0 + -2 + 9 + -7?
0
Calculate 3 - ((-4 - -6) + -4).
5
Evaluate -13 + (2 - (4 + -9)).
-6
3 - (2 + -2 + (1 - 0))
2
Evaluate -13 - (-13 + 7 - -2).
-9
Calculate 1 - (8 - 3) - 3 - 2.
-9
Calculate -17 + 4 + 11 + 2.
0
Calculate -10 - -28 - 11 - (3 + 2).
2
-5 + (-3 - 1) + (17 - 15)
-7
Evaluate -2 + 1 - (14 + (-10 - 3)).
-2
What is -6 + 0 + (-1 - -2) + 2?
-3
What is the value of (-9 + 1 - -6) + -1?
-3
Calculate -8 - 5 - -10 - (-1 - -1).
-3
What is the value of -4 + (0 + -3 - (0 + -5))?
-2
Evaluate (1 - 0) + 1 + -10 + 0.
-8
What is (-1 - (-5 + 2)) + 1 + -3?
0
Evaluate 0 + -5 + (4 + 5 - 6).
-2
Calculate 3 + -1 + (0 + -7 - -6).
1
What is (1 - (15 + -3)) + 4?
-7
Calculate -8 - (-5 - (3 + 4)).
4
Evaluate 12 + -15 + 0 + 4.
1
What is -4 + -1 + (3 - 2)?
-4
Calculate 0 - (2 + -3 + -2) - -2.
5
What is the value of 4 + -5 + (-2 - 2)?
-5
What is -2 - ((23 - 10) + (-6 - 1))?
-8
1 - 7 - (-3 - (-5 - -14))
6
What is (3 - (5 + -4)) + -1?
1
1 - (-5 + (5 - 2))
3
Calculate -1 - (1 + -2) - -1 - -1.
2
Evaluate -4 + 1 - (-6 + 7 + -6).
2
What is -13 - (-9 - -19) - -13?
-10
What is -1 + -6 + 18 + -16?
-5
Evaluate -2 - (-8 - -21) - -23.
8
-8 + 13 - (-3 + 1 + 11)
-4
Calculate 3 + (-5 - (-5 - -1 - 0)).
2
What is (-11 - -11 - -12) + -1 + -6?
5
What is -5 + 3 + (-1 - (-1 + 2))?
-4
What is the value of 0 - 2 - (2 - 3 - -3)?
-4
What is (0 - (-3 + 6)) + -1?
-4
19 + (-2 - 9) + (-5 - -4)
7
Evaluate 9 - 18 - (-10 + 3) - -9.
7
Calculate 4 - -1 - (8 + 1).
-4
Evaluate 7 - (-4 + -1 + 2) - 4.
6
What is (5 + 0 - 9) + 3?
-1
0 - (-6 + (0 - -4) + 1)
1
What is 8 - -1 - (-168 + 173)?
4
Evaluate 36 + -40 - (-8 - (-2 + 0)).
2
-3 - (4 - 11 - (-5 - -3))
2
Calculate 6 + -4 + 1 - (0 - 2).
5
-5 + 0 + (8 - 5) - 3
-5
Calculate 1 + 2 + -6 + -1.
-4
-1 - (-5 - (2 + -3 + 1))
4
1 - (1 - (4 - 2 - -2))
4
1 - -6 - 3 - (29 + -26)
1
-20 - (16 - 46) - (-1 - -3)
8
What is -5 - (-5 - 0 - -6)?
-6
(-1 - -6) + (5 - 11) + 6
5
What is 10 + 1 + -5 + -7?
-1
Calculate -7 + 5 + 8 + -4.
2
Calculate -40 + 39 + (-4 - (-3 + -7)).
5
What is the value of 10 + (-5 + -7 - -1)?
-1
Evaluate 1 - -2 - (-11 - (-16 + 6)).
4
-2 - (-11 - -3) - 7
-1
What is 8 + 15 + -11 + 2 + -11?
3
Evaluate 6 + (-5 - 0) - -1.
2
What is the value of 2 + -5 - (-3 + 0 - -2)?
-2
What is 1 + -2 + 1 - -3 - -2?
5
0 + -4 + (-7 - -14)
3
1 + 0 + 46 + -48
-1
What is -7 + 4 + 8 - 2?
3
What is the value of 5 + -5 - -4 - (2 + 0)?
2
What is 0 + 1 + (-2 - 3)?
-4
8 + 7 + -20 - 0
-5
What is the value of -1 + (3 + -6 - -5)?
1
Calculate 2 - (-1 - (-6 - -4)).
1
Calculate -1 + 0 + 0 + 1.
0
What is the value of 11 + (-30 - -10) + 3?
-6
(2 + 0 - (4 - -1)) + 2
-1
4 + -2 + 2 - 1
3
Calculate 2 - 6 - (0 + -2).
-2
Calculate -3 + (18 - 6) + (-5 - -1).
5
What is 3 - (2 + 3 - (5 + -5))?
-2
What is the value of -14 + 4 - -3 - (0 + -3)?
-4
What is the value of 6 + -2 - (6 + -3 - -2)?
-1
What is the value of (0 - (4 + -1 + -2)) + 1?
0
(-7 - -18) + -10 + -2
-1
What is the value of -4 - (-7 + -2) - 3?
2
What is the value of 3 - -1 - (0 - -2 - 1)?
3
4 + 1 - (1 + 2 + -1)
3
Calculate 1 + (-6 + 0 - -3).
-2
What is the value of 59 + -62 - (-1 + -5)?
3
Wh